and 22595.
5
Calculate the greatest common divisor of 84 and 322236.
12
Calculate the greatest common divisor of 91803 and 639.
213
What is the highest common divisor of 2858661 and 195?
39
Calculate the greatest common factor of 27455 and 27075.
95
What is the highest common factor of 338908 and 13609?
439
Calculate the highest common divisor of 366 and 25071.
183
Calculate the highest common divisor of 17 and 132770.
17
What is the highest common divisor of 1467 and 159740?
163
Calculate the highest common divisor of 1881 and 407151.
171
What is the greatest common factor of 34996 and 104?
52
Calculate the greatest common factor of 1076 and 628.
4
Calculate the highest common factor of 54 and 1132893.
27
Calculate the highest common divisor of 18 and 118122.
6
What is the highest common divisor of 384 and 21624?
24
What is the greatest common factor of 36192 and 3828?
348
What is the highest common divisor of 119648 and 112?
16
Calculate the greatest common factor of 1534 and 23954.
118
What is the greatest common factor of 1455 and 485?
485
Calculate the greatest common divisor of 613580 and 176.
44
What is the greatest common factor of 1976087 and 59?
59
What is the greatest common divisor of 286 and 177034?
286
Calculate the highest common divisor of 312 and 436488.
312
Calculate the highest common factor of 7326 and 121434.
222
What is the greatest common divisor of 13094928 and 42?
42
What is the highest common factor of 14984 and 72?
8
Calculate the greatest common factor of 86108 and 1634.
38
Calculate the highest common divisor of 18 and 515574.
18
What is the highest common divisor of 85157 and 2144?
67
What is the highest common factor of 432 and 412398?
54
What is the highest common divisor of 376 and 1564724?
188
What is the greatest common divisor of 75480 and 136?
136
Calculate the greatest common divisor of 20 and 3032.
4
What is the greatest common divisor of 37475 and 625?
25
Calculate the highest common divisor of 75089 and 49.
7
What is the greatest common factor of 37496 and 654?
218
What is the greatest common divisor of 663726 and 126?
42
Calculate the greatest common factor of 186 and 106485.
93
Calculate the greatest common factor of 102845 and 15043.
307
Calculate the greatest common divisor of 12144 and 11913.
33
What is the greatest common factor of 15 and 20357?
1
What is the greatest common divisor of 12168 and 696?
24
What is the greatest common factor of 611 and 702?
13
Calculate the highest common divisor of 132020 and 205.
205
What is the highest common factor of 35 and 56567?
7
What is the highest common factor of 126514 and 36?
2
What is the highest common divisor of 602 and 6192?
86
What is the greatest common divisor of 31349 and 435?
29
Calculate the greatest common divisor of 57 and 47158.
19
Calculate the highest common divisor of 254351 and 694.
347
What is the highest common divisor of 143304 and 42?
42
What is the greatest common divisor of 32 and 2116?
4
What is the greatest common factor of 1520 and 6384?
304
Calculate the highest common divisor of 729 and 405.
81
What is the greatest common factor of 1888 and 3808?
32
What is the greatest common divisor of 8 and 12086104?
8
What is the greatest common divisor of 8299 and 1591?
43
Calculate the greatest common factor of 68 and 511717.
17
Calculate the highest common factor of 5576808 and 8.
8
Calculate the greatest common factor of 153744 and 176.
16
Calculate the highest common divisor of 185656 and 184.
184
What is the highest common factor of 342 and 254277?
171
What is the greatest common factor of 4655 and 143355?
95
Calculate the highest common factor of 961972 and 44.
44
What is the highest common divisor of 995285 and 134?
67
Calculate the greatest common divisor of 29060 and 30.
10
Calculate the highest common divisor of 105 and 864.
3
What is the greatest common divisor of 76195 and 343?
49
Calculate the highest common factor of 273 and 164073.
273
Calculate the highest common factor of 47971 and 833.
49
What is the greatest common divisor of 18 and 839262?
6
Calculate the greatest common factor of 3282 and 2571994.
1094
Calculate the greatest common divisor of 1746 and 1755700.
194
What is the highest common divisor of 252 and 22937040?
252
Calculate the highest common divisor of 19 and 22439.
19
What is the highest common factor of 2080 and 25428?
52
Calculate the greatest common factor of 442 and 19578.
26
What is the highest common divisor of 50 and 942275?
25
What is the greatest common divisor of 128 and 11056?
16
Calculate the greatest common factor of 32 and 621472.
32
What is the highest common factor of 1006625 and 250?
125
What is the highest common factor of 2415 and 164841?
69
Calculate the highest common factor of 27529970 and 130.
130
What is the greatest common factor of 195293 and 23?
23
What is the greatest common divisor of 2262 and 2495363?
377
What is the highest common factor of 83 and 971183?
83
What is the greatest common factor of 5565 and 1190?
35
What is the greatest common divisor of 352 and 1034352?
176
What is the highest common divisor of 80 and 8510?
10
What is the highest common factor of 744 and 13733?
31
What is the greatest common divisor of 365 and 5817589?
73
Calculate the greatest common factor of 11 and 92873.
11
Calculate the highest common divisor of 18662 and 3010.
602
Calculate the greatest common factor of 240 and 49880.
40
Calculate the highest common factor of 797902 and 14.
14
Calculate the highest common divisor of 2020 and 6480.
20
Calculate the highest common factor of 45136 and 2728.
248
Calculate the highest common factor of 13 and 205595.
13
What is the highest common divisor of 44 and 773960?
44
Calculate the highest common divisor of 1104 and 890192.
368
What is the highest common factor of 328 and 246902?
82
What is the greatest common factor of 439704 and 56?
8
Calculate the highest common factor of 2640 and 5904.
48
Calculate the highest common factor of 54468 and 32841.
801
Calculate the greatest common divisor of 1965 and 34453.
131
Calculate the greatest common divisor of 279692 and 392.
196
Calculate the greatest common factor of 16488 and 2700.
36
What is the highest common divisor of 44 and 862?
2
Calculate the greatest common factor of 4294 and 226.
226
What is the greatest common divisor of 13035 and 440?
55
Calculate the highest common factor of 4116 and 528.
12
Calculate the greatest common divisor of 120 and 553380.
60
Calculate the greatest common factor of 147696 and 17.
17
What is the greatest common divisor of 2958 and 37842?
102
What is the highest common factor of 390 and 6435?
195
Calculate the greatest common factor of 246 and 58220.
82
What is the highest common factor of 615 and 913521?
123
What is the highest common factor of 11021 and 9737?
107
What is the greatest common factor of 32438 and 350?
14
Calculate the greatest common factor of 374670 and 30.
30
What is the greatest common divisor of 8571514 and 14?
14
Calculate the highest common divisor of 16 and 8206.
2
What is the highest common divisor of 3973 and 1363?
29
What is the highest common divisor of 10339 and 2321?
211
Calculate the greatest common divisor of 15169 and 198576.
1379
Calculate the greatest common divisor of 713829 and 277.
277
What is the highest common factor of 802 and 308369?
401
Calculate the greatest common divisor of 229596 and 15523.
361
What is the greatest common divisor of 247648 and 639?
71
What is the greatest common factor of 2538 and 295254?
846
What is the highest common divisor of 200 and 131775?
25
Calculate the highest common divisor of 547 and 119246.
547
What is the highest common factor of 9792 and 1071?
153
Calculate the greatest common divisor of 194480 and 26.
26
Calculate the highest common divisor of 65026 and 24522.
122
Calculate the highest common factor of 141 and 173.
1
What is the highest common factor of 15938 and 182?
26
What is the greatest common factor of 40 and 5965?
5
What is the greatest common factor of 6192 and 135?
9
What is the highest common factor of 308648 and 123?
41
What is the highest common divisor of 25 and 12275?
25
What is the greatest common factor of 14104 and 656?
328
What is the highest common factor of 45166 and 88?
22
C